 5*s + 39846, -5*d + 99545 = 5*s. Is d composite?
False
Suppose 10 - 184 = 2*f. Let l = f - -145. Is l a prime number?
False
Let d be 54/15*(-10)/(-3). Suppose -7*g = -3*g - d. Suppose -3*m + 2*s - s + 259 = 0, 0 = -g*m - 4*s + 269. Is m prime?
False
Let s be 7/((-35)/(-10)) + 319. Let c = s + -110. Is c a composite number?
False
Suppose -621 = -5*i + 1114. Suppose -4*t = 4*h - 812, -t + 6*t - 611 = -3*h. Let r = i - h. Is r a prime number?
False
Suppose -4*k = k - 25. Suppose -l = -2*s + k, l - 2 = -2*s - 3. Is 67 - (s - (4 - 1)) a prime number?
False
Let c(u) = 28*u**2 - 4*u + 19. Is c(-9) a composite number?
True
Let n(m) = -10*m**2 + 5*m + 8. Let c(t) = -t**2 + 1. Let l(x) = 22*c(x) - 2*n(x). Let y be l(-6). Is (-424)/y - 1/(-3) composite?
False
Let j(l) = -l**2 + 7*l + 2. Let a be j(7). Let i(r) = -r**2 + r - 1. Let f(k) = 4*k**2 - 4*k - 3. Let y(m) = a*i(m) + f(m). Is y(-4) a prime number?
False
Suppose 3*g + 0 = 12. Suppose 304 + 806 = 5*u - r, -4*u = g*r - 912. Is u a composite number?
False
Suppose 4*j - 124045 = 5*l, -22*l = -20*l - 6. Is j composite?
True
Let o be 3/((9/7)/3) + -1. Suppose o*f + 664 = 4378. Is f composite?
False
Let l(r) = 3069*r**2 + 8*r - 8. Is l(3) composite?
True
Suppose -2*r = -u + 24737 + 26846, -u - r = -51580. Is u a prime number?
True
Let n(c) = -25*c - 166. Is n(-9) a composite number?
False
Suppose 3*w - 3 = 6. Let z(u) = -7*u + 0*u + w + 1 + 0. Is z(-9) prime?
True
Let z = -10840 + 15387. Is z prime?
True
Let v be (1 + 22/(-4))*220/(-33). Suppose 32*g = v*g + 4298. Is g a prime number?
False
Let c = 771 - 546. Suppose 11 = 4*b - c. Is b a prime number?
True
Let s = -7 - -7. Suppose 5*y + 81 + 299 = 4*f, s = -4*y. Is f a prime number?
False
Let d = 7 + 11. Suppose d*i = 16*i + 226. Is i a prime number?
True
Suppose 2*w - d = 4*w + 310, 4*w + d + 618 = 0. Suppose 2*f - 1124 = 6*f. Let m = w - f. Is m a prime number?
True
Let v = -1008 - -1319. Is v a composite number?
False
Suppose -2*z - 78 = -68. Is (862/z)/((-18)/90) a prime number?
False
Is -4 - (-55224)/(40/5) prime?
True
Let n(s) = 275*s**2 + 56*s - 63. Is n(16) composite?
False
Let q(l) be the second derivative of l**7/840 - l**6/360 + l**5/12 - l**4/6 + 6*l. Let n(k) be the third derivative of q(k). Is n(6) prime?
False
Let g = 71547 + -35176. Is g a prime number?
False
Suppose -4*w - 168 - 396 = 0. Let z = w - -235. Is z a composite number?
True
Suppose -427*h - 3314 = -428*h. Is h a prime number?
False
Suppose 0*t - b = 3*t + 11, -b = -1. Let x be -4 - (t + 521)*-1. Suppose h - 5*h + g + x = 0, -2*g = -2*h + 264. Is h a prime number?
True
Suppose -m = -2*w - 2059 + 22818, -5*w = -2*m - 51897. Is w prime?
False
Let l(s) = s**3 - 11*s**2 - 11*s + 12. Let p be l(12). Let r = p - 21. Suppose r*k - 291 + 36 = 0. Is k prime?
False
Let i = -76 - -80. Is (-1)/((-7258)/1814 + i) a prime number?
True
Suppose -2*q = -2*y, 6*q - 3*q + 2 = 4*y. Suppose 3*m = -q*h + 2501, -2*h = 5*m - 0*h - 4171. Is m a composite number?
True
Let s(t) = -3*t**2 - 14*t + 1. Let z be s(-6). Let w = 29 + z. Let p(u) = 30*u**2 - 3*u - 1. Is p(w) composite?
False
Suppose 52062 = 1235*a - 1233*a. Is a a prime number?
False
Let j = 805 - 54. Let o = -1136 + 2385. Suppose 3*i = -q + j, 0*i - 3*q + o = 5*i. Is i a prime number?
True
Suppose 5*h = 3*w - 2, -2*w - 3 + 11 = 0. Suppose h*z = -8, 5*z - 763 + 131 = -4*j. Is j prime?
True
Suppose 4*p + 2*a = 18, 0 = -5*a - 3 - 2. Let z = 1444 + -412. Suppose -p*r = -z - 553. Is r composite?
False
Let q(h) = 26*h - 4. Let i be q(6). Let u = 822 - i. Is (-2)/(-3 + 2006/u) prime?
False
Let l be (1 + -2 - 4)/(-1). Suppose 13298 = l*q - 5027. Is q a prime number?
False
Suppose 0*q - q - 1 = 0, 4*q = -5*k + 10886. Suppose f = 5*u - k, -2*f = 5*u + 2*f - 2163. Suppose -g - 4*g + u = 0. Is g composite?
True
Suppose -x - 3*p = -6*p - 127, -2*p = -2*x + 254. Is x a prime number?
True
Let c(f) = -15*f**3 - 3*f**2 - 3*f - 1. Let r be c(-1). Suppose 3*y + 2*t + 18 = -t, 15 = -2*y - 5*t. Let p = r + y. Is p a prime number?
False
Suppose 0 = -5*a + 2*c - 43, 3*a - 3 = c - 28. Let w = 104 - a. Is w prime?
False
Is ((-101849)/(-6))/11 + (-3)/18 composite?
False
Let c = -840 + 3251. Is c composite?
False
Let x(k) = 30*k**2 + 3*k - 223. Is x(22) composite?
True
Let l(v) = -2*v**2 - 27*v + 16. Let h be l(-14). Let q = -178 + 305. Suppose r = h*r - q. Is r a composite number?
False
Let b(r) = 312*r + 16. Let w be b(9). Suppose -11*c + w = -3*c. Is c prime?
True
Let z be (4 - 3)/6 + (-1079)/(-6). Let q = z - 122. Is q prime?
False
Let z(g) = 2 + 5*g - 17*g**2 + 76*g**2 - 9*g. Let j be z(2). Let n = j + -91. Is n a prime number?
True
Suppose -3*t + 3*h + 21 + 33 = 0, -2*t = h - 45. Suppose -3*d = t - 12. Is 81 + d + (3 - -1) composite?
True
Let v = -75735 + 108078. Is v composite?
True
Let u(b) = b**2 + b - 2. Let g be u(-2). Suppose 3*h - 2*t = 6*h - 1337, -5*h + 5*t + 2270 = g. Is h prime?
True
Is (-695180)/(-120) + 2/(-12) a composite number?
True
Let m(t) = 3*t + t - 5*t - 1. Let y be m(-5). Let z = 15 - y. Is z a composite number?
False
Suppose -10*f + 54 = -13*f. Is 4/7 + f*(-4347)/98 a composite number?
True
Suppose -2*l = l - 1266. Let m = -77 + 80. Suppose c = m*c - l. Is c a composite number?
False
Suppose -q + 2*q = 3. Suppose -5*o = -4*o - q. Suppose -o*f - 24 - 12 = -5*l, -3*l - 3*f = -12. Is l prime?
False
Let j(m) = -14*m - 16*m**2 + 38*m**2 + 3*m + 5 + 8. Is j(6) prime?
True
Let n(i) = 2*i + 4. Let f be n(-6). Suppose 465*j - 470*j - 110 = 0. Let y = f - j. Is y prime?
False
Suppose -t - 3*r = -2259, 0 = -2*t + t - 5*r + 2249. Suppose -5*q + 3151 = -4*a, 5*q - 3*a - 878 = t. Is q a prime number?
True
Let l(q) = 146*q**2 - 5*q + 1. Is l(-4) prime?
True
Let t(v) = 6*v**2 + 17*v - 42. Is t(-19) a composite number?
False
Let s(y) = -y**3 - 9*y**2 + 11*y + 13. Let t be s(-10). Is (-1)/((12/t)/(-316)) prime?
True
Let w(n) = 5*n**2 + 4*n + 22 - 2*n**2 + 4*n**2 - 22*n. Is w(11) prime?
False
Let d(s) = -68*s**3 - 9*s**2 - 13*s - 13. Is d(-9) a composite number?
False
Let u be 0 - 3*(-9 + 4). Suppose 0 = u*i - 10*i - 485. Is i a composite number?
False
Suppose -47*j - 1542 = -49*j. Is j a prime number?
False
Let m be -1 + -1 + (5 - 1). Suppose w - 2*y = -m*w - 30, 3*w - 4*y = -30. Let p(f) = -40*f + 11. Is p(w) a prime number?
False
Is 6008410/(-250)*-5 - (-12)/15 prime?
False
Suppose 5*x - 24071 - 944 = 0. Is x a composite number?
False
Suppose -r - r = -34. Suppose 5*m - 20 = 5*g, m - 4*m - 2*g = -r. Suppose -5*d - m*h = -6272 + 2202, -4*d + h + 3241 = 0. Is d composite?
False
Suppose 22*h - 43552 = 30*h. Is h*2/3*6/(-16) a prime number?
True
Suppose 2*d + 2*d + 24 = 0. Let k(o) = -345*o - 17. Is k(d) a prime number?
True
Let n = 73 - 27. Suppose -3*l + 578 = f + n, 4*f = 5*l + 2179. Is f a prime number?
True
Let f(v) = -5*v**3 - 10*v**2 + 21*v - 1. Is f(-12) a composite number?
False
Let t = 9228 - -3557. Is t a composite number?
True
Is 3076*-13*7/(-28) a composite number?
True
Let n = 9790 - 2291. Is n composite?
False
Suppose 2*b - 6754 = -2*o, -6*b + 3377 = -5*b + 5*o. Is b prime?
False
Suppose 5*f + 3*u - 130 = -0*u, 2*u = -5*f + 135. Suppose -o + 80 = -f. Is o a composite number?
False
Let g(b) = 2*b - 2. Let j be g(1). Suppose j = -3*v - v. Suppose 4*x - 312 + 16 = v. Is x prime?
False
Is (-156)/(-273)*1498/4 prime?
False
Is 249458/18 - 92/(-414) prime?
True
Suppose -o = -4*j - 845, 4*j = -4*o + 2574 + 846. Is o a prime number?
True
Let k(r) = 10*r + 42. Let g be k(-4). Is (6 - 4)*(g + (-543)/(-6)) composite?
True
Suppose -10*i - 3292 = -38202. Let u = 6762 - i. Is u prime?
True
Let r(y) = -y**2 - 6*y. Let n be r(-7). Let f = -4 - n. Suppose 68 = 2*q + 3*l, 0 = f*q - 4*q - l + 33. Is q a composite number?
False
Suppose 5*r = 2 - 7, -4*h = r + 6521. Let a = -753 - h. Is a a prime number?
True
Let w(r) = -r**2 - 11*r + 16. Let l be w(-12). Suppose -g + l*j = 0, 23 = 5*g - 0*g + 3*j. Is 1 - (-2 + (g - 10)) a prime number?
False
Is (-34890)/(-70) + (-20)/(-35) prime?
True
Let r = 2815 + 2332. Is r a composite number?
False
Let s(d) = 234*d**3 + 1. Suppose 3*q = 6*q - 30. Suppose -q + 12 = 2*c. Is s(c) composite?
True
Let r be 5908/(-16) - 5/(-20). Let f = 532 + r. Is f a composite number?
False
Let i be (25 - -5)*(2/(-5) + 0). Is (-1)/3 + (-8)/i*16